4. Calculate h(10).
14
Let l(r) = r**3 - 3*r**2 - 62*r - 9. Calculate l(10).
71
Let d(q) = -39*q**2 - 6040*q - 187270. Determine d(-112).
-6
Let c(f) = 1392*f + 130886. Calculate c(-94).
38
Let x(q) = -326*q + 96411. What is x(298)?
-737
Let s(y) = -6574*y + 2222070. What is s(338)?
58
Let r(m) = m**3 + 65*m**2 + 197*m + 4737. Calculate r(-63).
264
Let r(p) = 2*p**3 + 42*p**2 - 4100*p - 86086. Determine r(-21).
14
Let x(v) = -8*v**3 + 1733*v**2 + 6932*v + 3. What is x(-4)?
515
Let p(n) = n**3 - 36*n**2 + 24*n - 28. What is p(35)?
-413
Let v(p) = -2*p**3 + 23208*p**2 + 162548*p - 15. Determine v(-7).
27
Let i(m) = 2*m**2 + 141*m - 1197. What is i(-76)?
-361
Let g(s) = -6*s**3 + 55*s**2 - 70*s + 570. Determine g(9).
21
Let j(c) = -9*c**2 + 1665*c + 3003. Give j(187).
-363
Let n(j) = -1904*j - 17146. Determine n(-9).
-10
Let x(u) = -1973*u - 392726. What is x(-199)?
-99
Let b(g) = 2*g**2 + 2488*g - 25074. Give b(10).
6
Let l(o) = -2*o**3 + 80*o**2 + 9*o + 1030. Give l(40).
1390
Let g(n) = -5*n + 652. Calculate g(5).
627
Let c(f) = -216*f + 1177. What is c(20)?
-3143
Let u(p) = -387*p + 7358. Determine u(18).
392
Let z(s) = -s**2 - 583*s + 23588. What is z(38)?
-10
Let h(g) = -103*g**2 + 870*g - 12. Determine h(0).
-12
Let g(t) = 412118*t + 14424115. Calculate g(-35).
-15
Let o(v) = -6*v**3 + 55*v**2 - 11*v + 41. Calculate o(9).
23
Let b(f) = f**3 + 24*f**2 - 1378*f + 65. What is b(27)?
38
Let q(o) = -10196*o + 50971. What is q(5)?
-9
Let n(q) = -q**3 - 4*q**2 - 7006*q - 14009. Calculate n(-2).
-5
Let c(q) = 1362*q - 43896. Determine c(32).
-312
Let n(o) = -111*o + 12134. What is n(108)?
146
Let h(j) = -j**3 - 56*j**2 - 393*j + 216. Determine h(-48).
648
Let a(f) = f**2 + 235*f + 13299. Calculate a(-93).
93
Let c(i) = i**3 + 23*i**2 - 351*i + 595. Calculate c(9).
28
Let b(k) = -3081*k - 1497375. Determine b(-486).
-9
Let b(v) = v**3 - 58*v**2 - 373*v - 7. Give b(-6).
-73
Let v(c) = 4897*c + 225256. Calculate v(-46).
-6
Let a(m) = -360*m**2 - 66963*m - 575. What is a(-186)?
-17
Let g(a) = 20987*a - 272451. Determine g(13).
380
Let w(o) = 8*o**3 - 3*o**2 + 6738*o + 6741. Give w(-1).
-8
Let c(a) = 5139*a + 287792. Give c(-56).
8
Let b(t) = 3*t**3 + 33*t**2 + 165*t + 7. Calculate b(-6).
-443
Let c(j) = 22*j - 421. What is c(-2)?
-465
Let x(i) = 2*i**2 - 31572*i - 221106. Give x(-7).
-4
Let f(s) = -s**2 - 137*s + 5149. Calculate f(43).
-2591
Let t(g) = 4594*g - 2182149. Give t(475).
1
Let d(p) = -4340*p + 1041606. Determine d(240).
6
Let q(s) = -3*s**3 - 18*s**2 + 446*s + 93. What is q(9)?
462
Let a(f) = -7*f**3 + 2268*f**2 + 28*f - 9178. What is a(324)?
-106
Let s(m) = -m**3 - 29*m**2 - 17*m + 713. Determine s(-6).
-13
Let o(c) = -2*c**2 + 648*c - 5659. Calculate o(315).
11
Let t(m) = 1343*m - 13482. Determine t(10).
-52
Let p(c) = -2*c**3 + 15*c**2 - 57*c + 239. Calculate p(8).
-281
Let v(k) = 12441*k - 510642. Give v(41).
-561
Let y(a) = 13184*a + 883307. Give y(-67).
-21
Let g(o) = 3*o**3 - 25*o**2 - 149*o + 114. Give g(-5).
-141
Let c(u) = u**2 - 22*u + 7. Give c(7).
-98
Let h(r) = -28*r**2 + 1945*r + 22530. Calculate h(-10).
280
Let r(i) = -35*i**2 - 65984*i + 65985. What is r(1)?
-34
Let s(i) = 3*i**2 + 185*i - 9342. Give s(33).
30
Let p(b) = -4*b**3 + b**2 - 392*b + 1534. What is p(4)?
-274
Let r(a) = -1373*a - 290206. Determine r(-211).
-503
Let c(w) = 2*w**3 - 7*w**2 + 92*w - 258. Give c(4).
126
Let k(g) = -g**3 - 128*g**2 - 400*g - 51170. Determine k(-128).
30
Let g(v) = -1501*v - 99064. Calculate g(-66).
2
Let u(q) = 4*q**3 + 2*q**2 + 139*q - 20. Calculate u(0).
-20
Let c(h) = -948*h - 21451. Calculate c(-23).
353
Let u(c) = -105462*c + 843769. Calculate u(8).
73
Let k(q) = 155*q**2 + 667*q + 194. Calculate k(-4).
6
Let f(i) = -65*i**2 - 1108*i - 58. What is f(-17)?
-7
Let f(d) = 5*d**3 + 1375*d**2 + 5*d + 1491. Calculate f(-275).
116
Let t(b) = -13*b**3 - 32*b**2 + 39*b - 2. Give t(1).
-8
Let o(r) = 684*r - 8705. Calculate o(14).
871
Let a(z) = -2*z**2 + 71960*z - 287865. What is a(4)?
-57
Let d(l) = 6648*l + 332381. Determine d(-50).
-19
Let u(i) = -129*i + 1200. Give u(9).
39
Let i(m) = -30*m**2 + 9379*m - 33678. Give i(309).
3
Let r(i) = -7*i**3 - 5*i**2 - 4*i + 29. Calculate r(3).
-217
Let r(y) = -29*y**2 + 1060*y + 8042. What is r(43)?
1
Let h(p) = -p**3 - 8*p**2 - 46*p - 490. What is h(-9)?
5
Let f(c) = -307753*c - 3385309. What is f(-11)?
-26
Let q(k) = -87*k**2 - 13861*k - 4444. Calculate q(-159).
8
Let k(l) = -l**2 + 391*l - 18468. Determine k(55).
12
Let m(y) = 2*y**3 + 21*y**2 + 5*y - 1. Calculate m(4).
483
Let p(v) = 2*v**3 + 123*v**2 - 190*v + 71. Determine p(-63).
134
Let s(g) = g**3 - 293*g**2 - 2015*g + 3143. Determine s(-8).
-1
Let c(b) = -2*b**3 - 11*b**2 - 5*b + 145. What is c(-6)?
211
Let t(q) = -q**3 + 55*q**2 + 2063*q - 114607. What is t(47)?
26
Let p(o) = -4861*o - 3052. Give p(-1).
1809
Let h(p) = 5*p**2 - 7265*p - 268032. Determine h(-36).
-12
Let f(u) = u**3 - 357*u**2 - 1122*u + 15124. Give f(360).
4
Let q(p) = 118*p**3 - 827*p**2 + 11*p - 80. What is q(7)?
-52
Let v(u) = -2*u**3 - 36*u**2 - 123*u - 431. Determine v(-14).
-277
Let v(l) = -l**3 + 114*l**2 + 543*l + 5378. Give v(119).
-810
Let s(t) = 4*t**2 - 10321*t + 143711. Calculate s(14).
1
Let r(l) = 258*l + 1628. Give r(-15).
-2242
Let v(q) = 1986*q + 9531. What is v(-5)?
-399
Let l(g) = -g**3 + 34*g**2 - 323*g + 624. What is l(18)?
-6
Let v(g) = 12*g**2 - 432*g + 824. Determine v(2).
8
Let r(l) = -44*l**2 + 2071*l + 24. What is r(47)?
165
Let a(q) = 480*q**2 - 134*q. Calculate a(2).
1652
Let m(y) = -5*y**3 - 864*y**2 - 2597*y - 53. Calculate m(-3).
97
Let m(v) = 317*v - 12161. What is m(37)?
-432
Let r(h) = -h**3 - 33*h**2 + 319*h + 10546. Give r(-33).
19
Let n(u) = -u**3 + 111*u**2 - 53*u - 6590. Determine n(110).
-320
Let m(y) = -y**3 + 229*y**2 - 372*y + 85204. Calculate m(229).
16
Let d(l) = -2*l**3 + 26*l**2 - 76*l + 37. Calculate d(8).
69
Let k(t) = -1710*t + 6711. Give k(2).
3291
Let k(q) = -238*q**3 + 5*q**2 - 2922*q - 2923. What is k(-1)?
242
Let g(m) = -9242*m - 36983. Give g(-4).
-15
Let t(h) = -h**3 + 6*h**2 + 39*h + 123. Determine t(11).
-53
Let c(m) = m**3 - 18*m**2 - 464*m + 8094. Give c(17).
-83
Let k(m) = -57806*m - 7. What is k(0)?
-7
Let f(d) = -14410*d - 100904. What is f(-7)?
-34
Let y(k) = k**3 + 439*k**2 + 28993*k - 1785. Give y(-358).
5
Let d(j) = -955*j - 943. Give d(-1).
12
Let n(a) = 7040*a + 2393594. Determine n(-340).
-6
Let c(v) = 28*v**2 - 126*v + 49. Determine c(10).
1589
Let n(k) = -k**3 + 267*k**2 - 1043*k - 120. What is n(4)?
-84
Let o(h) = -34360*h - 2095939. Calculate o(-61).
21
Let d(k) = -223563*k - 4247676. Calculate d(-19).
21
Let t(i) = 252*i - 5299. Give t(17).
-1015
Let b(a) = -4*a**3 + 1377*a**2 - 341*a - 884. What is b(344)?
148
Let s(m) = 2*m**2 + 1739439*m - 5218325. Calculate s(3).
10
Let i(t) = 523*t - 29343. Determine i(56).
-55
Let t(g) = 2*g**2 + 373*g + 14545. Determine t(-79).
-2440
Let l(c) = 58*c**2 + 38577*c + 4647. Calculate l(-665).
-8
Let x(l) = 2*l**3 - 559*l**2 - 1414*l + 1062. What is x(282)?
-66
Let f(k) = 35156*k + 175780. What is f(-5)?
0
Let w(b) = 23*b**2 + 1155*b - 4699. Give w(-54).
-1
Let h(k) = -2621*k - 518939. What is h(-198)?
19
Let s(n) = 65*n**2 - 39*n - 24216. Give s(-19).
-10
Let z(p) = -229*p + 20418. Give z(91).
-421
Let d(c) = 390*c**2 - 3638*c + 1168. Calculate d(9).
16
Let y(t) = 6*t**2 - 359*t - 12097. What is y(84)?
83
Let c(v) = -2771*v**2 - 2813*v - 55. Give c(-1).
-13
Let p(n) = 15330*n**2 + 30669*n + 12. Determine p(-2).
-6
Let z(s) = 32*s**3 + 45*s**2 + 729*s + 714. Determine z(-1).
-2
Let c(z) = -6*z**3 - 292*z**2 + 882*z + 9. Determine c(3).
-135
Let k(a) = -3*a**3 - 63*a**2 - 141*a - 505. Determine k(-19).
8
Let w(p) = -p**3 + 55*p**2 + 3475*p - 168895. Give w(42).
-13
Let w(u) = u**3 + 41*u**2 + 328*u - 33. What is w(-30)?
27
Let d(z) = 352*z + 75220. What is d(-221)?
-2572
Let n(y) = 4*y**2 + 183*y - 79. Calculate n(-46).
-33
Let v(x) = -151*x - 31398. What is v(-208)?
10
Let x(s) = -18*s**3 + 4*s**2 - 71*s + 203. What is x(3)?
-460
Let g(v) = -16*v**3 + 135*v**2 - 55*v + 7. What is g(8)?
15
Let p(j) = 8*j**2 - 997*j + 444. Determine p(125).
819
Let a(n) = -n**3 - 28*n**2 + 123*n + 1767. Give a(-30).
-123
Let v(x) = -6480*x - 14527. Calculate v(-2).
-1567
L